{"id":8399,"date":"2023-07-06T10:48:35","date_gmt":"2023-07-06T13:48:35","guid":{"rendered":"https:\/\/airscreensysteme.com.br\/?page_id=8399"},"modified":"2024-07-18T09:46:40","modified_gmt":"2024-07-18T12:46:40","slug":"como-comprar","status":"publish","type":"page","link":"https:\/\/apaeamericana.com.br\/loja\/como-comprar\/","title":{"rendered":"Como comprar"},"content":{"rendered":"\n<div class=\"wp-block-uagb-container uagb-block-f6a49b5f alignfull uagb-is-root-container\"><div class=\"uagb-container-inner-blocks-wrap\">\n<p>Compre sem dificuldades e preocupa\u00e7\u00f5es! Para mais informa\u00e7\u00f5es sobre seguran\u00e7a da compra, veja abaixo:<\/p>\n\n\n\n<h3 class=\"wp-block-heading\">1 \u2013 ESCOLHA DO PRODUTO<\/h3>\n\n\n\n<p>Voc\u00ea pode navegar e encontrar produtos atrav\u00e9s das seguintes formas:<\/p>\n\n\n\n<ul class=\"wp-block-list\">\n<li>Atrav\u00e9s da BUSCA por produtos, no campo de busca no cabe\u00e7alho. Este campo lhe permitir\u00e1 procurar produtos que contenham uma palavra-chave no nome ou em sua descri\u00e7\u00e3o;<\/li>\n\n\n\n<li>Atrav\u00e9s do item \u201cLOJA\u201d no menu principal, ou qualquer uma das categorias de produtos, nas quais voc\u00ea poder\u00e1 navegar e filtrar todas as informa\u00e7\u00f5es desejadas em sua busca pelo seu PRODUTO.<\/li>\n<\/ul>\n\n\n\n<h3 class=\"wp-block-heading\">2- DETALHES DO PRODUTO<\/h3>\n\n\n\n<p>Clicando em qualquer PRODUTO da loja, voc\u00ea ter\u00e1 acesso a todos os detalhes relacionados a ele, tal como: descri\u00e7\u00e3o completa, sugest\u00f5es de uso, galeria de fotos, e outros produtos relacionados.<\/p>\n\n\n\n<h3 class=\"wp-block-heading\">3 \u2013 COLOCANDO O PRODUTO NO CARRINHO DE COMPRAS:<\/h3>\n\n\n\n<p>Ao escolher o PRODUTO desejado,&nbsp;<strong>clique em COMPRAR<\/strong>&nbsp;e o produto ser\u00e1 adicionado ao seu carrinho de compras;<\/p>\n\n\n\n<h3 class=\"wp-block-heading\">4 \u2013 CARRINHO DE COMPRAS:<\/h3>\n\n\n\n<p>Caso tenha interesse em continuar sua navega\u00e7\u00e3o pela loja, basta clicar no menu loja, ou no bot\u00e3o&nbsp;<strong>CONTINUAR COMPRANDO<\/strong>;<br>Caso queira fechar seu pedido, clique em&nbsp;<strong>FECHAR COMPRA<\/strong>.<\/p>\n\n\n\n<h3 class=\"wp-block-heading\">5 \u2013 IDENTIFICA\u00c7\u00c3O DE CLIENTE:<\/h3>\n\n\n\n<p>Para realizar QUALQUER COMPRA na loja virtual \u00e9&nbsp; preciso utilizar uma conta de usu\u00e1rio \u2013&nbsp;<strong>mesmo para itens gr\u00e1tis.<\/strong><\/p>\n\n\n\n<ul class=\"wp-block-list\">\n<li>Caso voc\u00ea seja cliente, digite seu e-mail e senha, e clique em ENTRAR;<\/li>\n\n\n\n<li>Caso ainda n\u00e3o seja cliente, preencha o formul\u00e1rio cadastral para criar a sua conta e concluir a sua compra. \u00c9 necess\u00e1rio preencher todos os campos. N\u00e3o use dados fict\u00edcios.<\/li>\n<\/ul>\n\n\n\n<h3 class=\"wp-block-heading\">6 \u2013 FINALIZANDO A COMPRA:<\/h3>\n\n\n\n<p><strong>PARA PRODUTOS COMUNS:<\/strong><\/p>\n\n\n\n<ul class=\"wp-block-list\">\n<li>Escolha o tipo de pagamento:<\/li>\n\n\n\n<li>Clique no bot\u00e3o&nbsp;<strong>REALIZAR PAGAMENTO;<\/strong><\/li>\n\n\n\n<li>Ap\u00f3s clicar nesse bot\u00e3o, voc\u00ea ser\u00e1 direcionado para a tela de&nbsp;<strong>OBRIGADO POR SUA COMPRA<\/strong>, que ir\u00e1 exibir os detalhes do seu pedido;<\/li>\n\n\n\n<li>Logo ap\u00f3s, voc\u00ea receber\u00e1 e-mails:\n<ul class=\"wp-block-list\">\n<li>Mensagem confirmando a compra.<\/li>\n\n\n\n<li>Mensagem da Airscreen com a confirma\u00e7\u00e3o e descri\u00e7\u00e3o do seu pedido rec\u00e9m efetuado.<\/li>\n<\/ul>\n<\/li>\n<\/ul>\n\n\n\n<p><strong>PARA PRODUTOS GRATUITOS:<\/strong><\/p>\n\n\n\n<ul class=\"wp-block-list\">\n<li>Clique no bot\u00e3o&nbsp;<strong>FINALIZAR COMPRA<\/strong><\/li>\n\n\n\n<li>Ap\u00f3s clicar nesse bot\u00e3o, voc\u00ea ser\u00e1 direcionado para a tela de&nbsp;<strong>OBRIGADO POR SUA COMPRA<\/strong>, que ir\u00e1 exibir os detalhes do seu pedido;<\/li>\n\n\n\n<li>Imediatamente, voc\u00ea receber\u00e1 uma mensagem da Airscreen com a confirma\u00e7\u00e3o e descri\u00e7\u00e3o do seu pedido rec\u00e9m efetuado.<\/li>\n<\/ul>\n\n\n\n<h3 class=\"wp-block-heading\">7 \u2013 ACOMPANHAR MEUS PEDIDOS:<\/h3>\n\n\n\n<p>Todos as mudan\u00e7as de \u201cstatus\u201d de seu pedido ser\u00e3o informadas via e-mail (esse e-mail pode ser direcionado para a CAIXA DE SPAM, portanto verifique sempre).<br>Para maiores informa\u00e7\u00f5es, acesse a p\u00e1gina&nbsp;<strong><a href=\"https:\/\/apaeamericana.com.br\/loja\/atendimento\/perguntas-frequentes\/\">Perguntas Frequentes<\/a><\/strong>.<\/p>\n\n\n\n<p>\u00c9&nbsp;<strong>muito importante<\/strong>&nbsp;que voc\u00ea cadastre o e-mail corretamente, para que possa receber as mensagens enviadas por nossa loja e sempre verifique na CAIXA DE SPAM se n\u00e3o receber o e-mail.&nbsp;<strong>Alguns servi\u00e7os de gerenciamento de e-mail como Gmail, Hotmail, Yahoo, por exemplo, podem classificar e-mails de compra como Spam.<\/strong><\/p>\n<\/div><\/div>\n","protected":false},"excerpt":{"rendered":"<p>Compre sem dificuldades e preocupa\u00e7\u00f5es! Para mais informa\u00e7\u00f5es sobre seguran\u00e7a da compra, veja abaixo: 1 \u2013 ESCOLHA DO PRODUTO Voc\u00ea pode navegar e encontrar produtos atrav\u00e9s das seguintes formas: 2- DETALHES DO PRODUTO Clicando em qualquer PRODUTO da loja, voc\u00ea ter\u00e1 acesso a todos os detalhes relacionados a ele, tal como: descri\u00e7\u00e3o completa, sugest\u00f5es de [&hellip;]<\/p>\n","protected":false},"author":1,"featured_media":0,"parent":0,"menu_order":10,"comment_status":"closed","ping_status":"closed","template":"","meta":{"_acf_changed":false,"_uag_custom_page_level_css":"","site-sidebar-layout":"default","site-content-layout":"","ast-site-content-layout":"default","site-content-style":"default","site-sidebar-style":"default","ast-global-header-display":"","ast-banner-title-visibility":"","ast-main-header-display":"","ast-hfb-above-header-display":"","ast-hfb-below-header-display":"","ast-hfb-mobile-header-display":"","site-post-title":"","ast-breadcrumbs-content":"","ast-featured-img":"","footer-sml-layout":"","ast-disable-related-posts":"","theme-transparent-header-meta":"","adv-header-id-meta":"","stick-header-meta":"","header-above-stick-meta":"","header-main-stick-meta":"","header-below-stick-meta":"","astra-migrate-meta-layouts":"set","ast-page-background-enabled":"default","ast-page-background-meta":{"desktop":{"background-color":"var(--ast-global-color-4)","background-image":"","background-repeat":"repeat","background-position":"center center","background-size":"auto","background-attachment":"scroll","background-type":"","background-media":"","overlay-type":"","overlay-color":"","overlay-opacity":"","overlay-gradient":""},"tablet":{"background-color":"","background-image":"","background-repeat":"repeat","background-position":"center center","background-size":"auto","background-attachment":"scroll","background-type":"","background-media":"","overlay-type":"","overlay-color":"","overlay-opacity":"","overlay-gradient":""},"mobile":{"background-color":"","background-image":"","background-repeat":"repeat","background-position":"center center","background-size":"auto","background-attachment":"scroll","background-type":"","background-media":"","overlay-type":"","overlay-color":"","overlay-opacity":"","overlay-gradient":""}},"ast-content-background-meta":{"desktop":{"background-color":"var(--ast-global-color-5)","background-image":"","background-repeat":"repeat","background-position":"center center","background-size":"auto","background-attachment":"scroll","background-type":"","background-media":"","overlay-type":"","overlay-color":"","overlay-opacity":"","overlay-gradient":""},"tablet":{"background-color":"var(--ast-global-color-5)","background-image":"","background-repeat":"repeat","background-position":"center center","background-size":"auto","background-attachment":"scroll","background-type":"","background-media":"","overlay-type":"","overlay-color":"","overlay-opacity":"","overlay-gradient":""},"mobile":{"background-color":"var(--ast-global-color-5)","background-image":"","background-repeat":"repeat","background-position":"center center","background-size":"auto","background-attachment":"scroll","background-type":"","background-media":"","overlay-type":"","overlay-color":"","overlay-opacity":"","overlay-gradient":""}},"footnotes":""},"class_list":["post-8399","page","type-page","status-publish","hentry"],"acf":[],"uagb_featured_image_src":{"full":false,"thumbnail":false,"medium":false,"medium_large":false,"large":false,"1536x1536":false,"2048x2048":false,"woocommerce_thumbnail":false,"woocommerce_single":false,"woocommerce_gallery_thumbnail":false},"uagb_author_info":{"display_name":"admin","author_link":"https:\/\/apaeamericana.com.br\/loja\/author\/administrador\/"},"uagb_comment_info":0,"uagb_excerpt":"Compre sem dificuldades e preocupa\u00e7\u00f5es! Para mais informa\u00e7\u00f5es sobre seguran\u00e7a da compra, veja abaixo: 1 \u2013 ESCOLHA DO PRODUTO Voc\u00ea pode navegar e encontrar produtos atrav\u00e9s das seguintes formas: 2- DETALHES DO PRODUTO Clicando em qualquer PRODUTO da loja, voc\u00ea ter\u00e1 acesso a todos os detalhes relacionados a ele, tal como: descri\u00e7\u00e3o completa, sugest\u00f5es de&hellip;","_links":{"self":[{"href":"https:\/\/apaeamericana.com.br\/loja\/wp-json\/wp\/v2\/pages\/8399","targetHints":{"allow":["GET"]}}],"collection":[{"href":"https:\/\/apaeamericana.com.br\/loja\/wp-json\/wp\/v2\/pages"}],"about":[{"href":"https:\/\/apaeamericana.com.br\/loja\/wp-json\/wp\/v2\/types\/page"}],"author":[{"embeddable":true,"href":"https:\/\/apaeamericana.com.br\/loja\/wp-json\/wp\/v2\/users\/1"}],"replies":[{"embeddable":true,"href":"https:\/\/apaeamericana.com.br\/loja\/wp-json\/wp\/v2\/comments?post=8399"}],"version-history":[{"count":0,"href":"https:\/\/apaeamericana.com.br\/loja\/wp-json\/wp\/v2\/pages\/8399\/revisions"}],"wp:attachment":[{"href":"https:\/\/apaeamericana.com.br\/loja\/wp-json\/wp\/v2\/media?parent=8399"}],"curies":[{"name":"wp","href":"https:\/\/api.w.org\/{rel}","templated":true}]}}