{"id":10830,"date":"2025-01-09T16:03:20","date_gmt":"2025-01-09T19:03:20","guid":{"rendered":"http:\/\/apaeamericana.com.br\/loja\/?post_type=product&#038;p=10830"},"modified":"2025-06-06T12:38:22","modified_gmt":"2025-06-06T15:38:22","slug":"professional-crisis-management","status":"publish","type":"product","link":"https:\/\/apaeamericana.com.br\/loja\/professional-crisis-management\/","title":{"rendered":"Professional Crisis Management"},"content":{"rendered":"<p>***ATEN\u00c7\u00c3O &#8211; VAGAS LIMITADAS***<\/p>\n<p>Curso presencial de forma\u00e7\u00e3o profissional para gerenciamento em crises agressivas.<\/p>\n<p>Dias 18, 19 e 20 de Fevereiro de 2025.<\/p>\n<p>Local:\u00a0 APAE Americana.<\/p>\n<p>Contatos: curso@apaeamericana.com.br<\/p>\n<p>(19) 98388-0852<\/p>\n","protected":false},"excerpt":{"rendered":"<div>No autismo, o PCM pode ser particularmente \u00fatil porque fornece ferramentas para compreender e responder a comportamentos que podem ser comunica\u00e7\u00f5es de necessidades n\u00e3o satisfeitas ou respostas a est\u00edmulos sensoriais aversivos.<\/div>\n<div>Atrav\u00e9s de t\u00e9cnicas de preven\u00e7\u00e3o e desacelera\u00e7\u00e3o, o PCM ajuda a reduzir a frequ\u00eancia e a intensidade destes comportamentos irregulares. Isto ajuda a reduzir a necessidade de interven\u00e7\u00f5es mais invasivas, como conten\u00e7\u00e3o f\u00edsica.<\/div>\n","protected":false},"featured_media":10831,"template":"","meta":{"_acf_changed":false,"_uag_custom_page_level_css":"","site-sidebar-layout":"default","site-content-layout":"","ast-site-content-layout":"default","site-content-style":"default","site-sidebar-style":"default","ast-global-header-display":"","ast-banner-title-visibility":"","ast-main-header-display":"","ast-hfb-above-header-display":"","ast-hfb-below-header-display":"","ast-hfb-mobile-header-display":"","site-post-title":"","ast-breadcrumbs-content":"","ast-featured-img":"","footer-sml-layout":"","ast-disable-related-posts":"","theme-transparent-header-meta":"default","adv-header-id-meta":"","stick-header-meta":"default","header-above-stick-meta":"","header-main-stick-meta":"","header-below-stick-meta":"","astra-migrate-meta-layouts":"set","ast-page-background-enabled":"default","ast-page-background-meta":{"desktop":{"background-color":"var(--ast-global-color-4)","background-image":"","background-repeat":"repeat","background-position":"center center","background-size":"auto","background-attachment":"scroll","background-type":"","background-media":"","overlay-type":"","overlay-color":"","overlay-opacity":"","overlay-gradient":""},"tablet":{"background-color":"","background-image":"","background-repeat":"repeat","background-position":"center center","background-size":"auto","background-attachment":"scroll","background-type":"","background-media":"","overlay-type":"","overlay-color":"","overlay-opacity":"","overlay-gradient":""},"mobile":{"background-color":"","background-image":"","background-repeat":"repeat","background-position":"center center","background-size":"auto","background-attachment":"scroll","background-type":"","background-media":"","overlay-type":"","overlay-color":"","overlay-opacity":"","overlay-gradient":""}},"ast-content-background-meta":{"desktop":{"background-color":"var(--ast-global-color-5)","background-image":"","background-repeat":"repeat","background-position":"center center","background-size":"auto","background-attachment":"scroll","background-type":"","background-media":"","overlay-type":"","overlay-color":"","overlay-opacity":"","overlay-gradient":""},"tablet":{"background-color":"var(--ast-global-color-5)","background-image":"","background-repeat":"repeat","background-position":"center center","background-size":"auto","background-attachment":"scroll","background-type":"","background-media":"","overlay-type":"","overlay-color":"","overlay-opacity":"","overlay-gradient":""},"mobile":{"background-color":"var(--ast-global-color-5)","background-image":"","background-repeat":"repeat","background-position":"center center","background-size":"auto","background-attachment":"scroll","background-type":"","background-media":"","overlay-type":"","overlay-color":"","overlay-opacity":"","overlay-gradient":""}}},"product_brand":[],"product_cat":[22],"product_tag":[],"class_list":{"0":"post-10830","1":"product","2":"type-product","3":"status-publish","4":"has-post-thumbnail","6":"product_cat-eventos","7":"desktop-align-center","8":"tablet-align-left","9":"mobile-align-left","10":"ast-product-gallery-layout-horizontal-slider","11":"ast-product-gallery-with-no-image","12":"ast-magnify-disabled","13":"ast-product-tabs-layout-accordion","15":"first","16":"instock","17":"virtual","18":"purchasable","19":"product-type-simple"},"acf":[],"uagb_featured_image_src":{"full":["https:\/\/apaeamericana.com.br\/loja\/wp-content\/uploads\/2025\/01\/folder-para-publicacao-PCM-1.jpg",1080,1920,false],"thumbnail":["https:\/\/apaeamericana.com.br\/loja\/wp-content\/uploads\/2025\/01\/folder-para-publicacao-PCM-1-150x150.jpg",150,150,true],"medium":["https:\/\/apaeamericana.com.br\/loja\/wp-content\/uploads\/2025\/01\/folder-para-publicacao-PCM-1-169x300.jpg",169,300,true],"medium_large":["https:\/\/apaeamericana.com.br\/loja\/wp-content\/uploads\/2025\/01\/folder-para-publicacao-PCM-1-768x1365.jpg",768,1365,true],"large":["https:\/\/apaeamericana.com.br\/loja\/wp-content\/uploads\/2025\/01\/folder-para-publicacao-PCM-1-576x1024.jpg",576,1024,true],"1536x1536":["https:\/\/apaeamericana.com.br\/loja\/wp-content\/uploads\/2025\/01\/folder-para-publicacao-PCM-1-864x1536.jpg",864,1536,true],"2048x2048":["https:\/\/apaeamericana.com.br\/loja\/wp-content\/uploads\/2025\/01\/folder-para-publicacao-PCM-1.jpg",1080,1920,false],"woocommerce_thumbnail":["https:\/\/apaeamericana.com.br\/loja\/wp-content\/uploads\/2025\/01\/folder-para-publicacao-PCM-1-300x300.jpg",300,300,true],"woocommerce_single":["https:\/\/apaeamericana.com.br\/loja\/wp-content\/uploads\/2025\/01\/folder-para-publicacao-PCM-1-600x1067.jpg",600,1067,true],"woocommerce_gallery_thumbnail":["https:\/\/apaeamericana.com.br\/loja\/wp-content\/uploads\/2025\/01\/folder-para-publicacao-PCM-1-100x100.jpg",100,100,true]},"uagb_author_info":{"display_name":"Infinito AG","author_link":"https:\/\/apaeamericana.com.br\/loja\/author\/"},"uagb_comment_info":0,"uagb_excerpt":"No autismo, o PCM pode ser particularmente \u00fatil porque fornece ferramentas para compreender e responder a comportamentos que podem ser comunica\u00e7\u00f5es de necessidades n\u00e3o satisfeitas ou respostas a est\u00edmulos sensoriais aversivos. Atrav\u00e9s de t\u00e9cnicas de preven\u00e7\u00e3o e desacelera\u00e7\u00e3o, o PCM ajuda a reduzir a frequ\u00eancia e a intensidade destes comportamentos irregulares. Isto ajuda a reduzir&hellip;","_links":{"self":[{"href":"https:\/\/apaeamericana.com.br\/loja\/wp-json\/wp\/v2\/product\/10830","targetHints":{"allow":["GET"]}}],"collection":[{"href":"https:\/\/apaeamericana.com.br\/loja\/wp-json\/wp\/v2\/product"}],"about":[{"href":"https:\/\/apaeamericana.com.br\/loja\/wp-json\/wp\/v2\/types\/product"}],"wp:featuredmedia":[{"embeddable":true,"href":"https:\/\/apaeamericana.com.br\/loja\/wp-json\/wp\/v2\/media\/10831"}],"wp:attachment":[{"href":"https:\/\/apaeamericana.com.br\/loja\/wp-json\/wp\/v2\/media?parent=10830"}],"wp:term":[{"taxonomy":"product_brand","embeddable":true,"href":"https:\/\/apaeamericana.com.br\/loja\/wp-json\/wp\/v2\/product_brand?post=10830"},{"taxonomy":"product_cat","embeddable":true,"href":"https:\/\/apaeamericana.com.br\/loja\/wp-json\/wp\/v2\/product_cat?post=10830"},{"taxonomy":"product_tag","embeddable":true,"href":"https:\/\/apaeamericana.com.br\/loja\/wp-json\/wp\/v2\/product_tag?post=10830"}],"curies":[{"name":"wp","href":"https:\/\/api.w.org\/{rel}","templated":true}]}}